2))).
5
What is -4 + 43 + 6 + -16 + 0 + 0?
29
What is the value of (9 - (-5 + 19)) + (1 - -10) + 2?
8
What is the value of -40 + -6 + 10 + 20?
-16
What is 40 + -32 - (28 + (5 - 7))?
-18
Calculate -2 - (-10 - -3) - (-3 - -6).
2
What is the value of (2 + 7 - -10) + (0 - 5)?
14
-39 - 0 - (-148 - -138) - -7
-22
What is the value of -39 + 52 + -6 + -16?
-9
-3 + (-11 - (25 - 42 - (-3 + -9)))
-9
What is the value of 6 + (-20 - -11 - -7) + -22?
-18
What is the value of 13 + -14 + 8 + -3 + 1 + 4?
9
Evaluate (17 - 13) + (-16 - -2) - 4.
-14
Calculate 3 + 10 + -5 + -9 - 2.
-3
What is -7 + -14 + (15 - -11)?
5
What is the value of -29 + 17 + 0 + -20?
-32
What is 12 - (-2 - (-2 + 4 + -9)) - -7?
14
What is 12 + 0 + -10 + -7 - -1?
-4
What is (33 - (53 - -12)) + 27?
-5
What is -15 - (14 + -14 - (2 - 2))?
-15
What is -43 - -1 - (-36 - (-14 + (11 - 22)))?
-31
-4 + 6 + (29 - 16)
15
Evaluate (1 - -17) + 11 + -16 + 20 + -14.
19
Calculate -27 + 10 + 3 + 3 + 8.
-3
What is the value of (1 - 16) + -113 + 127?
-1
Evaluate -2 - (9 - (3 - -10)) - 2.
0
Evaluate 9 + -13 + 9 + 0 + -10.
-5
(3 + 1 - -15) + (-199 - -165)
-15
Calculate 10 - (-8 + 5) - -7.
20
What is the value of -2 + (-15 - -14) + -6?
-9
Calculate -15 - (-4 - (0 + 6)).
-5
-425 + 406 + 16 + 1 - (5 + 0)
-7
Calculate (0 + 2 - 7) + 182 + -170.
7
Calculate -9 - (9 + (-6 - 2) - (1 + -6)).
-15
Calculate -9 - ((0 - (-3 + 8)) + 6 + -3).
-7
Evaluate -6 + (-2 - -14) + -55 + 54 + -18.
-13
Evaluate -5 + 21 + -20 + 21.
17
Calculate -11 + 0 - (-4 - (-10 + 11)).
-6
Evaluate 68 - 74 - (-9 + -1 + 6 + -3).
1
Calculate (14 - 1) + -3 + -13 + -9.
-12
What is the value of -28 + 10 + 19 - -27?
28
Calculate 2 - (-2 - (28 + -1)).
31
What is the value of (6 - -2) + (-1 + -46 + 8 - -6)?
-25
Evaluate -14 - ((-12 - -6) + -13) - 32.
-27
Calculate 8 - (-21 - (-19 - 5)).
5
-6 + (-24 + 34 - (-9 + -2 + 5))
10
-16 + (-3 + 1 - 4 - (-20 - -10))
-12
What is the value of -16 + 2 + (0 - -1) + (-3 - -4)?
-12
-4 - (-45 - -18 - -17) - 40
-34
Calculate (12 - (-15 + 6)) + (1 - 8).
14
Calculate -65 + 67 + 6 + -8 + (10 - 0).
10
What is -2 + (3 + (-3 - -6) - -4)?
8
9 + -7 + 12 + -4
10
Evaluate -35 + 15 + -4 + 20.
-4
(9 - -9) + 3 + -6 + -2
13
-7 + 1 - (-1 + -33 + 37)
-9
What is the value of (-24 - -9) + (13 + -14 - 20)?
-36
What is the value of -5 + 1 + -4 - (4 - -3 - -1)?
-16
7 + (-4 - -1) - (-2 + 6 - 3)
3
Evaluate (-2 + -1 - (5 - 14)) + -4 - 2.
0
Calculate 1 + -10 + 3 - (3 + -4) - -18.
13
Evaluate 0 + (-9 + (12 - 1) - 1).
1
What is the value of (3 - (0 - -15)) + 26 + -22?
-8
Evaluate -6 + (-1 - -2) + 12 - 23.
-16
What is the value of -3 + 7 + (-6 - (-8 + 18))?
-12
Calculate (27 - 30) + -27 - -4.
-26
-27 + 35 - ((-3 - -6) + -7)
12
What is 25 + (-92 - -24 - -17)?
-26
-19 + 9 + -1 - -6
-5
Evaluate 3 - (-3 - -10) - -16.
12
6 + -17 + (-3 - -9)
-5
What is -8 - ((5 - (2 - 2)) + 24 + -25)?
-12
What is 78 - 74 - (-1 + 3 + 3)?
-1
What is (-75 - -91) + (-2 - 23) - 17?
-26
What is 5 - (-2 + 3 - (25 + -31))?
-2
What is -11 - (2 + 1 + 5 + 6 + -31)?
6
Evaluate -9 + -3 + (18 - 12).
-6
What is the value of (2 - -28) + (103 - 106)?
27
What is (-10 + 3 - -3) + 1 + (24 - 10)?
11
What is the value of -8 + 13 + (8 - -10) + -54?
-31
Evaluate 29 + -8 + (24 - 56).
-11
-9 + (-3 - -17) - 14
-9
Calculate -23 + (-64 - -32) + 33.
-22
Calculate (-3 - -1 - -2) + -18.
-18
(-2 - (-1 - 4)) + -9 + (13 - 6)
1
What is the value of 73 + -40 - 9 - 18?
6
Evaluate -7 + -15 + (-14 - -25) - 9.
-20
What is the value of 1 + 5 - (-22 - 10 - -42)?
-4
Calculate 18 + (-324 - -336) + (1 - 59).
-28
(-19 - (-24 - -15)) + 8
-2
Evaluate (-1350 - -1357) + -1 + 25.
31
(24 - -1 - (7 - 3)) + -4
17
-2 - 5 - 2 - -17 - -13 - 7
14
Calculate -6 - ((-22 - -20) + -1 + -2 + 7).
-8
Calculate 4 + -1 + (0 - (9 + -17 - 2)).
13
Evaluate -1 - (-10 - (3 + -11)).
1
What is the value of 11 + -19 - -24 - (7 + 3)?
6
13 + -8 + (26 - 9 - 7)
15
7 + (8 - (2 + 4) - -9)
18
What is (-2 + 5 - (9 + -5 - 20)) + -10?
9
What is (6 - 12) + 0 + 19?
13
What is -8 + (9 - -31) + -17?
15
What is -19 + 2 + -19 + 25?
-11
Calculate (29 - (72 + -35)) + -1.
-9
Evaluate 11 + -4 + (-1 - 1 - 4).
1
What is the value of -10 + 0 + (-423 + 425 - (-1 + 12))?
-19
Calculate -45 + 44 + (12 - 1).
10
What is the value of -14 - (37 + -38) - 1?
-14
-25 - (3 - 4 - 8)
-16
-1 + (1 + -7 - -11) + (16 - 7)
13
Evaluate -15 - (-8 + 6) - -3 - -8.
-2
Evaluate -2 - (1 - 3) - (8 + -6 - 9).
7
(-1 - 5 - -1) + (-15 - (-47 + 24))
3
What is the value of 25 + (-39 - -62) + -54?
-6
Evaluate (-12 - 29) + 14 + 21.
-6
What is 4 + -18 + (5 + -16 - (-9 + -2))?
-14
21 + (-13 - ((-9 + 4 - -6) + -7))
14
Evaluate (22 - 1) + (60 - 74).
7
What is the value of (-13 - -4) + -27 + 63?
27
Evaluate -34 + -7 + (-35 - -64).
-12
What is 8 + -7 + 10 - 3 - (-6 + 0)?
14
What is the value of (2 - (1 - -4) - -21) + -7?
11
Evaluate (6 - 15) + 7 + -8 + 4 + -8.
-14
What is the value of 6 - -1 - (681 - 668)?
-6
Calculate (-17 - (-9 + -1)) + 7 - 8.
-8
(-13 - -1) + 12 + 18 + -29
-11
Evaluate (-22 - (-56 - -34)) + (2 - (2 - 2)).
2
What is (-120 + 150 - (2 - -10)) + -11?
7
What is 4 + (29 - 32) + (-16 - -3) + 3?
-9
What is 1 + 2 + -15 - (-22 - (31 - 46))?
-5
What is the value of 7 + 21 + (-11 - (1 + 5))?
11
What is the value of -15 + (15 - (6 + -13))?
7
What is 7 - ((20 - 16) + 2)?
1
Evaluate -26 + (-10 - -24) - -1.
-11
Calculate -5 + ((-1 - 11) + 6 - 0 - -1).
-10
17 - (1 + 21 + (22 - 27))
0
Evaluate -11 + (-4 + 0 + -7 - 5).
-27
Calculate -5 + -5 + (-4 - -1) + 6 - -14.
7
-9 - (-1 - -4 - -5 - 4)
-13
What is -2 + 4 + 2 + 280 + -276?
8
Calculate (-13 - -27) + -14 - -2.
2
What is (1 - -23) + -31 - (1 - 17)?
9
Evaluate -1 + -2 + 4 + 2 + (-11 - 1).
-9
0 + 1 - (106 - 96) - (0 - -7)
-16
What is the value of -1 + -46 + 262 + -241?
-26
Evaluate -20 - (-22 + 19) - -7.
-10
What is 16 + (4 - -9) + -10?
19
Evaluate 3 + (-9 - 14) + 17.
-3
19 + (32 + -17 - 34)
0
Calculate 33 - (9 + -14 - -19).
19
31 + -2 + -65 - -29
-7
What is 12 + -9 - (2 + -3 + (-1 - -2))?
3
(1 - 0) + (-8 - 1) + 9
1
(4 - (-7 - -7) - 13) + (-2 - -2)
-9
What is the value of -15 + 0 + -16 + 15 + -4?
-20
Evaluate -14 - (-6 - (6 + -7)).
-9
What is the value of -1 + 26 + -54 - -9?
-20
What is the value of 5 + (-1 - 0) + (-17 - -13) - 10?
-10
(-8 - -19) + 0 - 1
10
Calculate -10 - (4 + -2 - 7) - (-1 + 7).
-11
Evaluate 33 - (-16 + 48 + -10).
11
-6 + 18 + (-2 - -17) + -44
-17
Calculate -110 - -108 - (-6 + -9).
13
Evaluate 14 + 6 + -11 + (-2 - 9).
-2
Calculate 3 + (6 + -9 - -7).
7
What is -4 - 7 - ((-1 - -6) + -7)?
-9
What is the value of (-1 - 0 - 9) + (-100 - (-16 - 88))?
-6
Calculate 8 + 14 + -26 + (5 - -5) + -36.
-30
Evaluate (-5 + 13 - 11) + 4 + 0 + -1.
0
What is the value of -6 - (-2 + -8 + -5 + 11 + 3)?
-5
What is the value of 7 + -3 - 0 - 2 - (-4 + -1)?
7
(-5 - -4) + 0 - (-19 - -30)
-12
Calculate 7 - -10 - 3 - (5 - 1).
10
What is the value of 10 + -14 - (-4 + (-37 - -2)) - 10?
25
Calculate (4 + 14 - 5) + -3 + -23.
-13
What is 54 + -58 + -2 + 3?
-3
What is the value of 3 + -7 + (-19 - -12)?
-11
What is the value of -17 - (-15 - (-4 - -16))?
10
What is the value of 1 - (8 - (-2 + (10 - 1)) - -3)?
-3
Calculate -2 - (-4 - (4 + -7 + -10)).
-11
(13 - -13 - 26) + 6 + (2 - 2)
6
Calculate 2 + 23 + -21 + (-5 - -4) + -5.
-2
Calculate 4 + (0 + 0 - 2 - (200 + -207)).
9
(-1 + 1 - 5) + 5 + (3 - 2)
1
What is the value of -11 + (10 - (-2 + 7)) + -1 + -1?
-8
(-7 - (3 - 6)) + (6 - 3)
-1
What is 2 - 9 - (30 + 25 + -53)?
-9
What is -3 - (26 - 7 - 16)?
-6
What is the value of (1 - (2 - 2)) + (2 + 9 - 30)?
-18
2 + 4 + -21 - (-4 - 2 - 0)
-9
What is -1 - 0 - (16 - 15) - 2?
-4
What is 2 - -18 - 11 - 7 - (2 - -6)?
-6
Evaluate -34 + 41 - (2 - -14).
-9
4 + 1 + -17 + (-9 - (-1 + -3))
-17
Evaluate (1 - -7 - (33 + -27)) + (-1 - -3).
4
Evaluate 2 + -14 + (-17 - -9) + (-1 - -15).
-6
What is the value of 7 + 25 + -2 + -20?
10
-30 + (1 - (14 + 2 - 13))
-32
What is (-6 - (-20 - (-7 + 3))) + (7 - 0)?
17
What is -3 - -18 - 4 - (0 - -2)?
9
Calculate (-4 - -4 - -7 - 2) + (1 - -5).
11
(-57 - -24) + 43 - (16 + 0)
-6
Evaluate -19 + (-34 + 15 - -12).
-26
Evaluate 0 - (-1 + 2 + -7 + 3).
3
What is the value of (26 - 26 - 1) + 23?
22
(-22 - -12) + 23 - -1
14
What is 47 + -25 - (32 - -1)?
-11
What is 5 + -11 + 3 + 13?
10
Calculate (-2 - -5) + -9 + (16 - 20) - 17.
-27
What is -14 - (15 - (6 - -13))?
-10
What is -2 - -